47 and 26956?
6739
What is the greatest common factor of 7128 and 1886482224?
7128
Calculate the greatest common factor of 51 and 8090832.
3
Calculate the highest common divisor of 79345853 and 1115.
223
What is the highest common factor of 38 and 5280986?
2
What is the highest common divisor of 4672493224 and 266?
266
What is the greatest common factor of 93454724 and 16?
4
Calculate the greatest common divisor of 2805480 and 1536.
24
What is the greatest common divisor of 72393387 and 55?
11
What is the highest common divisor of 5895 and 44432973?
1179
What is the greatest common divisor of 124515127 and 558?
31
Calculate the highest common divisor of 22656 and 400020.
708
Calculate the highest common factor of 37625 and 3625.
125
What is the highest common divisor of 4190262 and 204?
102
Calculate the greatest common factor of 4032 and 8426656.
224
Calculate the greatest common factor of 12032 and 2615456.
1504
What is the greatest common factor of 2873 and 11245429?
169
Calculate the highest common factor of 46816 and 7822452.
836
Calculate the greatest common divisor of 30 and 52855590.
30
Calculate the highest common divisor of 163666712 and 253.
253
What is the greatest common factor of 2451 and 873029?
43
Calculate the greatest common factor of 14780 and 40160.
20
Calculate the greatest common factor of 259502023 and 3751.
341
Calculate the highest common divisor of 64958695 and 1305.
145
What is the greatest common factor of 4591482 and 42?
42
Calculate the greatest common factor of 12801022 and 494.
494
Calculate the greatest common factor of 741249 and 873.
9
Calculate the highest common factor of 11611 and 2253217.
683
Calculate the greatest common divisor of 500255808 and 143.
13
What is the greatest common factor of 3512 and 4352?
8
What is the highest common divisor of 180336 and 1054?
34
Calculate the greatest common factor of 805 and 1780016.
161
Calculate the highest common factor of 80 and 1934284.
4
Calculate the highest common divisor of 1574 and 14504410.
1574
What is the greatest common factor of 837 and 45773298?
279
Calculate the highest common divisor of 1935 and 14077899.
387
What is the greatest common factor of 936567495 and 405?
135
Calculate the greatest common factor of 16103824 and 308.
44
What is the greatest common factor of 43543071 and 1023?
33
What is the greatest common divisor of 6165 and 340695?
45
What is the highest common factor of 36115 and 285820?
155
What is the highest common factor of 14703 and 1501734?
507
What is the highest common divisor of 33638 and 5813258?
3058
What is the greatest common divisor of 14 and 29370208?
14
Calculate the greatest common divisor of 1241046 and 942.
6
What is the highest common factor of 365685352 and 16?
8
Calculate the highest common divisor of 18 and 73120260.
6
Calculate the greatest common factor of 86159426 and 46.
46
What is the greatest common factor of 628109878 and 1562?
1562
Calculate the greatest common divisor of 107461 and 43353961.
2621
Calculate the greatest common divisor of 1998 and 641736.
54
Calculate the highest common divisor of 342729834 and 2718.
906
Calculate the greatest common factor of 45 and 11453076.
9
Calculate the greatest common divisor of 225 and 97476165.
45
What is the highest common divisor of 296088 and 1301298?
438
Calculate the highest common factor of 1410 and 73930.
10
What is the highest common factor of 2705345784 and 4?
4
Calculate the greatest common factor of 7192458 and 4914.
1638
What is the highest common factor of 44 and 38957578?
22
What is the highest common divisor of 195858 and 1539?
81
What is the greatest common factor of 287 and 149471?
7
What is the highest common factor of 1952 and 36433836?
244
What is the greatest common factor of 257262 and 2626014?
4854
What is the greatest common divisor of 16827937 and 42749?
1379
What is the highest common factor of 459375 and 2415?
105
What is the greatest common factor of 402394 and 5947009?
4679
Calculate the greatest common divisor of 40656 and 290906.
154
Calculate the greatest common factor of 328 and 39921290.
82
What is the greatest common divisor of 3268 and 359006957?
817
Calculate the greatest common factor of 379141284 and 96.
12
Calculate the highest common divisor of 34551525 and 407.
37
Calculate the greatest common factor of 7165 and 25995.
5
What is the highest common factor of 81133096 and 7216?
3608
Calculate the highest common factor of 1262648075 and 13.
13
What is the greatest common divisor of 20955875 and 9200?
575
What is the highest common divisor of 3014229 and 51?
3
What is the greatest common divisor of 1282837428 and 36?
36
Calculate the greatest common divisor of 62936 and 437.
1
What is the highest common divisor of 1000 and 63056000?
1000
What is the highest common factor of 459 and 143811018?
27
What is the greatest common divisor of 544030903 and 13?
13
Calculate the greatest common divisor of 302 and 261986359.
151
Calculate the highest common divisor of 72079100 and 100.
100
What is the greatest common factor of 451974010 and 113?
113
Calculate the greatest common divisor of 22 and 5933158.
22
Calculate the highest common factor of 12682850 and 123185.
1735
Calculate the highest common factor of 147 and 57576309.
21
Calculate the highest common factor of 69 and 89343776.
23
Calculate the greatest common factor of 1502435 and 53867.
649
What is the greatest common factor of 14860 and 143020?
20
What is the highest common factor of 44049489 and 9?
3
Calculate the greatest common divisor of 58362 and 133338.
426
What is the highest common divisor of 43053471 and 54?
27
Calculate the highest common divisor of 854 and 8505108.
122
Calculate the highest common factor of 740 and 90827452.
148
What is the highest common factor of 289688 and 1870624?
392
What is the greatest common factor of 136 and 72975339?
17
Calculate the highest common factor of 56 and 956664.
8
Calculate the greatest common divisor of 113684844 and 3276.
1092
What is the greatest common divisor of 182 and 175611982?
182
What is the greatest common factor of 7392 and 105174784?
352
Calculate the greatest common factor of 26084 and 8572.
4
Calculate the greatest common divisor of 180309933 and 12.
3
What is the greatest common factor of 26727543 and 27?
27
What is the highest common factor of 18712 and 32196?
4
What is the highest common divisor of 356857173 and 381?
381
What is the greatest common divisor of 415747 and 8?
1
Calculate the highest common factor of 343152 and 275472.
144
Calculate the highest common factor of 1343105 and 70.
5
What is the greatest common factor of 272048 and 200?
8
Calculate the highest common divisor of 11117376 and 11664.
144
Calculate the highest common divisor of 120 and 20949960.
120
Calculate the highest common divisor of 38224661 and 18284.
653
Calculate the greatest common divisor of 5953744 and 148.
148
What is the greatest common divisor of 3286992 and 245199?
6627
Calculate the greatest common divisor of 181 and 143241409.
181
What is the greatest common factor of 14715 and 9502947?
2943
What is the highest common factor of 505182 and 611706?
1614
Calculate the greatest common divisor of 48226449 and 3657.
159
What is the highest common factor of 704 and 558349?
11
What is the highest common factor of 762138730 and 153?
17
What is the greatest common divisor of 491358 and 2898?
42
What is the highest common divisor of 2453 and 4982626814?
2453
What is the greatest common divisor of 51869250 and 75?
75
Calculate the greatest common divisor of 10809252 and 228.
228
What is the greatest common factor of 103949424 and 3264?
816
Calculate the highest common factor of 581011 and 4699.
37
Calculate the greatest common factor of 19882823 and 118.
59
Calculate the greatest common divisor of 5367865 and 25.
5
What is the greatest common divisor of 919598 and 42957?
1591
Calculate the greatest common factor of 103 and 28118382.
103
Calculate the highest common factor of 2298521 and 8808.
367
Calculate the greatest common divisor of 2623628 and 532.
28
Calculate the greatest common factor of 1699764 and 2310036.
1956
What is the highest common factor of 21241676 and 2452?
2452
What is the highest common factor of 592 and 7825352?